CREATE TABLE vozidlo (
 `id` INTEGER NOT NULL PRIMARY KEY AUTOINCREMENT,
 `spz` TEXT NOT NULL,
 `typ` TEXT NOT NULL,
 `nosnost` INTEGER NOT NULL
);
CREATE TABLE ridic (
 `id` INTEGER NOT NULL PRIMARY KEY AUTOINCREMENT,
 `jmeno` TEXT NOT NULL,
 `narozen` TEXT NOT NULL,
 `rp` TEXT NOT NULL
);
CREATE TABLE jizda (
 `id` INTEGER NOT NULL PRIMARY KEY AUTOINCREMENT,
 `ridic` INTEGER NOT NULL,
 `vozidlo` INTEGER NOT NULL,
 `cas` INTEGER NOT NULL,
 `vzdalenost` INTEGER NOT NULL,
 `naklad` INTEGER NOT NULL,
 `datum` TEXT NOT NULL
);
INSERT INTO `vozidlo` ( id, nosnost, spz, typ ) VALUES ( 1, 14000, "1A2 02-43", "sklápěč" );
INSERT INTO `vozidlo` ( id, nosnost, spz, typ ) VALUES ( 2, 12000, "5A4 12-51", "kamion" );
INSERT INTO `vozidlo` ( id, nosnost, spz, typ ) VALUES ( 3, 12000, "9AX 78-12", "kamion" );
INSERT INTO `vozidlo` ( id, nosnost, spz, typ ) VALUES ( 4, 5000, "1A3 36-49", "dodávka" );
INSERT INTO `vozidlo` ( id, nosnost, spz, typ ) VALUES ( 5, 5000, "1A9 89-45", "dodávka" );
INSERT INTO `vozidlo` ( id, nosnost, spz, typ ) VALUES ( 6, 5500, "1A3 36-52", "dodávka" );
INSERT INTO `ridic` ( id, jmeno, narozen, rp ) VALUES ( 1, "Novák", "1982-04-19", "2345-4444-43" );
INSERT INTO `ridic` ( id, jmeno, narozen, rp ) VALUES ( 2, "Svoboda", "1961-09-23", "4489-2375-12" );
INSERT INTO `ridic` ( id, jmeno, narozen, rp ) VALUES ( 3, "Novotný", "1980-04-21", "4582-4827-99" );
INSERT INTO `ridic` ( id, jmeno, narozen, rp ) VALUES ( 4, "Dvořák", "1988-01-03", "1989-2377-97" );
INSERT INTO `ridic` ( id, jmeno, narozen, rp ) VALUES ( 5, "Černý", "1983-06-07", "1989-2377-97" );
INSERT INTO `jizda` ( cas, datum, id, naklad, ridic, vozidlo, vzdalenost ) VALUES ( 88, "2014-01-01", 1, 7515, 3, 2, 51 );
INSERT INTO `jizda` ( cas, datum, id, naklad, ridic, vozidlo, vzdalenost ) VALUES ( 71, "2014-01-01", 2, 2254, 5, 4, 40 );
INSERT INTO `jizda` ( cas, datum, id, naklad, ridic, vozidlo, vzdalenost ) VALUES ( 137, "2014-01-01", 3, 5346, 3, 6, 76 );
INSERT INTO `jizda` ( cas, datum, id, naklad, ridic, vozidlo, vzdalenost ) VALUES ( 64, "2014-01-01", 4, 3420, 2, 4, 35 );
INSERT INTO `jizda` ( cas, datum, id, naklad, ridic, vozidlo, vzdalenost ) VALUES ( 108, "2014-01-01", 5, 4652, 3, 3, 64 );
INSERT INTO `jizda` ( cas, datum, id, naklad, ridic, vozidlo, vzdalenost ) VALUES ( 83, "2014-01-01", 6, 2806, 1, 6, 48 );
INSERT INTO `jizda` ( cas, datum, id, naklad, ridic, vozidlo, vzdalenost ) VALUES ( 62, "2014-01-01", 7, 11653, 1, 3, 39 );
INSERT INTO `jizda` ( cas, datum, id, naklad, ridic, vozidlo, vzdalenost ) VALUES ( 140, "2014-01-02", 8, 9730, 1, 2, 76 );
INSERT INTO `jizda` ( cas, datum, id, naklad, ridic, vozidlo, vzdalenost ) VALUES ( 111, "2014-01-02", 9, 2822, 2, 5, 73 );
INSERT INTO `jizda` ( cas, datum, id, naklad, ridic, vozidlo, vzdalenost ) VALUES ( 139, "2014-01-02", 10, 2990, 2, 4, 82 );
INSERT INTO `jizda` ( cas, datum, id, naklad, ridic, vozidlo, vzdalenost ) VALUES ( 76, "2014-01-02", 11, 4475, 3, 5, 45 );
INSERT INTO `jizda` ( cas, datum, id, naklad, ridic, vozidlo, vzdalenost ) VALUES ( 167, "2014-01-02", 12, 2090, 1, 5, 95 );
INSERT INTO `jizda` ( cas, datum, id, naklad, ridic, vozidlo, vzdalenost ) VALUES ( 177, "2014-01-02", 13, 6358, 4, 2, 106 );
INSERT INTO `jizda` ( cas, datum, id, naklad, ridic, vozidlo, vzdalenost ) VALUES ( 77, "2014-01-02", 14, 4469, 2, 6, 40 );
INSERT INTO `jizda` ( cas, datum, id, naklad, ridic, vozidlo, vzdalenost ) VALUES ( 153, "2014-01-02", 15, 3189, 5, 4, 80 );
INSERT INTO `jizda` ( cas, datum, id, naklad, ridic, vozidlo, vzdalenost ) VALUES ( 105, "2014-01-03", 16, 5297, 4, 6, 65 );
INSERT INTO `jizda` ( cas, datum, id, naklad, ridic, vozidlo, vzdalenost ) VALUES ( 111, "2014-01-03", 17, 2313, 4, 4, 56 );
INSERT INTO `jizda` ( cas, datum, id, naklad, ridic, vozidlo, vzdalenost ) VALUES ( 65, "2014-01-03", 18, 3189, 2, 5, 42 );
INSERT INTO `jizda` ( cas, datum, id, naklad, ridic, vozidlo, vzdalenost ) VALUES ( 66, "2014-01-03", 19, 6151, 1, 2, 33 );
INSERT INTO `jizda` ( cas, datum, id, naklad, ridic, vozidlo, vzdalenost ) VALUES ( 74, "2014-01-03", 20, 10986, 1, 3, 45 );
INSERT INTO `jizda` ( cas, datum, id, naklad, ridic, vozidlo, vzdalenost ) VALUES ( 124, "2014-01-03", 21, 9450, 3, 3, 70 );
INSERT INTO `jizda` ( cas, datum, id, naklad, ridic, vozidlo, vzdalenost ) VALUES ( 173, "2014-01-03", 22, 4981, 1, 4, 110 );
INSERT INTO `jizda` ( cas, datum, id, naklad, ridic, vozidlo, vzdalenost ) VALUES ( 65, "2014-01-03", 23, 10859, 5, 3, 39 );
INSERT INTO `jizda` ( cas, datum, id, naklad, ridic, vozidlo, vzdalenost ) VALUES ( 131, "2014-01-03", 24, 3762, 4, 6, 79 );
INSERT INTO `jizda` ( cas, datum, id, naklad, ridic, vozidlo, vzdalenost ) VALUES ( 131, "2014-01-04", 25, 3420, 2, 6, 74 );
INSERT INTO `jizda` ( cas, datum, id, naklad, ridic, vozidlo, vzdalenost ) VALUES ( 173, "2014-01-04", 26, 1929, 4, 6, 107 );
INSERT INTO `jizda` ( cas, datum, id, naklad, ridic, vozidlo, vzdalenost ) VALUES ( 140, "2014-01-05", 27, 3463, 1, 4, 84 );
INSERT INTO `jizda` ( cas, datum, id, naklad, ridic, vozidlo, vzdalenost ) VALUES ( 89, "2014-01-05", 28, 5480, 1, 6, 54 );
INSERT INTO `jizda` ( cas, datum, id, naklad, ridic, vozidlo, vzdalenost ) VALUES ( 101, "2014-01-05", 29, 2944, 4, 5, 50 );
INSERT INTO `jizda` ( cas, datum, id, naklad, ridic, vozidlo, vzdalenost ) VALUES ( 127, "2014-01-06", 30, 11791, 5, 2, 75 );
INSERT INTO `jizda` ( cas, datum, id, naklad, ridic, vozidlo, vzdalenost ) VALUES ( 61, "2014-01-06", 31, 5031, 2, 6, 31 );
INSERT INTO `jizda` ( cas, datum, id, naklad, ridic, vozidlo, vzdalenost ) VALUES ( 124, "2014-01-06", 32, 4542, 5, 6, 62 );
INSERT INTO `jizda` ( cas, datum, id, naklad, ridic, vozidlo, vzdalenost ) VALUES ( 73, "2014-01-06", 33, 9151, 1, 1, 47 );
INSERT INTO `jizda` ( cas, datum, id, naklad, ridic, vozidlo, vzdalenost ) VALUES ( 133, "2014-01-06", 34, 8834, 1, 3, 76 );
INSERT INTO `jizda` ( cas, datum, id, naklad, ridic, vozidlo, vzdalenost ) VALUES ( 118, "2014-01-06", 35, 9469, 3, 2, 72 );
INSERT INTO `jizda` ( cas, datum, id, naklad, ridic, vozidlo, vzdalenost ) VALUES ( 138, "2014-01-06", 36, 12934, 1, 1, 88 );
INSERT INTO `jizda` ( cas, datum, id, naklad, ridic, vozidlo, vzdalenost ) VALUES ( 133, "2014-01-06", 37, 10350, 3, 3, 78 );
INSERT INTO `jizda` ( cas, datum, id, naklad, ridic, vozidlo, vzdalenost ) VALUES ( 130, "2014-01-07", 38, 4964, 5, 4, 79 );
INSERT INTO `jizda` ( cas, datum, id, naklad, ridic, vozidlo, vzdalenost ) VALUES ( 106, "2014-01-07", 39, 11781, 1, 1, 65 );
INSERT INTO `jizda` ( cas, datum, id, naklad, ridic, vozidlo, vzdalenost ) VALUES ( 93, "2014-01-07", 40, 13646, 3, 1, 56 );
INSERT INTO `jizda` ( cas, datum, id, naklad, ridic, vozidlo, vzdalenost ) VALUES ( 122, "2014-01-07", 41, 4918, 2, 6, 64 );
INSERT INTO `jizda` ( cas, datum, id, naklad, ridic, vozidlo, vzdalenost ) VALUES ( 172, "2014-01-07", 42, 4078, 1, 6, 112 );
INSERT INTO `jizda` ( cas, datum, id, naklad, ridic, vozidlo, vzdalenost ) VALUES ( 156, "2014-01-07", 43, 8769, 4, 3, 92 );
INSERT INTO `jizda` ( cas, datum, id, naklad, ridic, vozidlo, vzdalenost ) VALUES ( 115, "2014-01-08", 44, 2975, 2, 5, 75 );
INSERT INTO `jizda` ( cas, datum, id, naklad, ridic, vozidlo, vzdalenost ) VALUES ( 64, "2014-01-08", 45, 3741, 4, 4, 35 );
INSERT INTO `jizda` ( cas, datum, id, naklad, ridic, vozidlo, vzdalenost ) VALUES ( 72, "2014-01-08", 46, 10523, 5, 1, 44 );
INSERT INTO `jizda` ( cas, datum, id, naklad, ridic, vozidlo, vzdalenost ) VALUES ( 155, "2014-01-08", 47, 6457, 2, 3, 101 );
INSERT INTO `jizda` ( cas, datum, id, naklad, ridic, vozidlo, vzdalenost ) VALUES ( 77, "2014-01-08", 48, 2553, 5, 4, 45 );
INSERT INTO `jizda` ( cas, datum, id, naklad, ridic, vozidlo, vzdalenost ) VALUES ( 100, "2014-01-08", 49, 3286, 1, 5, 52 );
INSERT INTO `jizda` ( cas, datum, id, naklad, ridic, vozidlo, vzdalenost ) VALUES ( 86, "2014-01-09", 50, 10101, 5, 1, 55 );
INSERT INTO `jizda` ( cas, datum, id, naklad, ridic, vozidlo, vzdalenost ) VALUES ( 132, "2014-01-09", 51, 11017, 5, 2, 80 );
INSERT INTO `jizda` ( cas, datum, id, naklad, ridic, vozidlo, vzdalenost ) VALUES ( 163, "2014-01-09", 52, 3174, 1, 5, 107 );
INSERT INTO `jizda` ( cas, datum, id, naklad, ridic, vozidlo, vzdalenost ) VALUES ( 161, "2014-01-09", 53, 2495, 2, 6, 90 );
INSERT INTO `jizda` ( cas, datum, id, naklad, ridic, vozidlo, vzdalenost ) VALUES ( 93, "2014-01-09", 54, 13286, 1, 1, 49 );
INSERT INTO `jizda` ( cas, datum, id, naklad, ridic, vozidlo, vzdalenost ) VALUES ( 78, "2014-01-09", 55, 4936, 1, 6, 49 );
INSERT INTO `jizda` ( cas, datum, id, naklad, ridic, vozidlo, vzdalenost ) VALUES ( 155, "2014-01-10", 56, 7795, 1, 2, 83 );
INSERT INTO `jizda` ( cas, datum, id, naklad, ridic, vozidlo, vzdalenost ) VALUES ( 86, "2014-01-10", 57, 9335, 2, 3, 43 );
INSERT INTO `jizda` ( cas, datum, id, naklad, ridic, vozidlo, vzdalenost ) VALUES ( 100, "2014-01-11", 58, 10530, 3, 1, 64 );
INSERT INTO `jizda` ( cas, datum, id, naklad, ridic, vozidlo, vzdalenost ) VALUES ( 147, "2014-01-11", 59, 4960, 2, 4, 82 );
INSERT INTO `jizda` ( cas, datum, id, naklad, ridic, vozidlo, vzdalenost ) VALUES ( 118, "2014-01-11", 60, 10868, 4, 2, 67 );
INSERT INTO `jizda` ( cas, datum, id, naklad, ridic, vozidlo, vzdalenost ) VALUES ( 120, "2014-01-12", 61, 6225, 5, 1, 62 );
INSERT INTO `jizda` ( cas, datum, id, naklad, ridic, vozidlo, vzdalenost ) VALUES ( 136, "2014-01-12", 62, 5803, 3, 1, 72 );
INSERT INTO `jizda` ( cas, datum, id, naklad, ridic, vozidlo, vzdalenost ) VALUES ( 82, "2014-01-13", 63, 6693, 3, 3, 46 );
INSERT INTO `jizda` ( cas, datum, id, naklad, ridic, vozidlo, vzdalenost ) VALUES ( 112, "2014-01-13", 64, 2934, 1, 4, 62 );
INSERT INTO `jizda` ( cas, datum, id, naklad, ridic, vozidlo, vzdalenost ) VALUES ( 153, "2014-01-13", 65, 2328, 5, 5, 77 );
INSERT INTO `jizda` ( cas, datum, id, naklad, ridic, vozidlo, vzdalenost ) VALUES ( 132, "2014-01-13", 66, 11377, 4, 1, 80 );
INSERT INTO `jizda` ( cas, datum, id, naklad, ridic, vozidlo, vzdalenost ) VALUES ( 74, "2014-01-14", 67, 9123, 1, 3, 37 );
INSERT INTO `jizda` ( cas, datum, id, naklad, ridic, vozidlo, vzdalenost ) VALUES ( 148, "2014-01-14", 68, 1857, 1, 4, 96 );
INSERT INTO `jizda` ( cas, datum, id, naklad, ridic, vozidlo, vzdalenost ) VALUES ( 66, "2014-01-14", 69, 2063, 2, 5, 34 );
INSERT INTO `jizda` ( cas, datum, id, naklad, ridic, vozidlo, vzdalenost ) VALUES ( 89, "2014-01-15", 70, 4712, 4, 6, 54 );
INSERT INTO `jizda` ( cas, datum, id, naklad, ridic, vozidlo, vzdalenost ) VALUES ( 80, "2014-01-15", 71, 7447, 3, 2, 47 );
INSERT INTO `jizda` ( cas, datum, id, naklad, ridic, vozidlo, vzdalenost ) VALUES ( 97, "2014-01-15", 72, 3655, 3, 4, 62 );
INSERT INTO `jizda` ( cas, datum, id, naklad, ridic, vozidlo, vzdalenost ) VALUES ( 168, "2014-01-15", 73, 6165, 5, 1, 88 );
INSERT INTO `jizda` ( cas, datum, id, naklad, ridic, vozidlo, vzdalenost ) VALUES ( 102, "2014-01-15", 74, 3517, 3, 4, 61 );
INSERT INTO `jizda` ( cas, datum, id, naklad, ridic, vozidlo, vzdalenost ) VALUES ( 101, "2014-01-16", 75, 1921, 2, 4, 57 );
INSERT INTO `jizda` ( cas, datum, id, naklad, ridic, vozidlo, vzdalenost ) VALUES ( 101, "2014-01-16", 76, 11103, 4, 1, 52 );
INSERT INTO `jizda` ( cas, datum, id, naklad, ridic, vozidlo, vzdalenost ) VALUES ( 118, "2014-01-16", 77, 5375, 3, 3, 68 );
INSERT INTO `jizda` ( cas, datum, id, naklad, ridic, vozidlo, vzdalenost ) VALUES ( 115, "2014-01-16", 78, 9875, 2, 1, 62 );
INSERT INTO `jizda` ( cas, datum, id, naklad, ridic, vozidlo, vzdalenost ) VALUES ( 172, "2014-01-16", 79, 3350, 5, 6, 113 );
INSERT INTO `jizda` ( cas, datum, id, naklad, ridic, vozidlo, vzdalenost ) VALUES ( 145, "2014-01-16", 80, 4903, 5, 6, 89 );
INSERT INTO `jizda` ( cas, datum, id, naklad, ridic, vozidlo, vzdalenost ) VALUES ( 102, "2014-01-16", 81, 8822, 3, 2, 52 );
INSERT INTO `jizda` ( cas, datum, id, naklad, ridic, vozidlo, vzdalenost ) VALUES ( 99, "2014-01-16", 82, 6857, 2, 3, 65 );
INSERT INTO `jizda` ( cas, datum, id, naklad, ridic, vozidlo, vzdalenost ) VALUES ( 78, "2014-01-16", 83, 3889, 1, 5, 49 );
INSERT INTO `jizda` ( cas, datum, id, naklad, ridic, vozidlo, vzdalenost ) VALUES ( 100, "2014-01-17", 84, 1904, 5, 6, 58 );
INSERT INTO `jizda` ( cas, datum, id, naklad, ridic, vozidlo, vzdalenost ) VALUES ( 147, "2014-01-17", 85, 4364, 4, 3, 80 );
INSERT INTO `jizda` ( cas, datum, id, naklad, ridic, vozidlo, vzdalenost ) VALUES ( 87, "2014-01-17", 86, 3108, 4, 4, 56 );
INSERT INTO `jizda` ( cas, datum, id, naklad, ridic, vozidlo, vzdalenost ) VALUES ( 70, "2014-01-17", 87, 3544, 2, 4, 42 );
INSERT INTO `jizda` ( cas, datum, id, naklad, ridic, vozidlo, vzdalenost ) VALUES ( 129, "2014-01-18", 88, 8334, 3, 1, 79 );
INSERT INTO `jizda` ( cas, datum, id, naklad, ridic, vozidlo, vzdalenost ) VALUES ( 169, "2014-01-18", 89, 4248, 4, 6, 111 );
INSERT INTO `jizda` ( cas, datum, id, naklad, ridic, vozidlo, vzdalenost ) VALUES ( 175, "2014-01-18", 90, 8614, 1, 2, 90 );
INSERT INTO `jizda` ( cas, datum, id, naklad, ridic, vozidlo, vzdalenost ) VALUES ( 136, "2014-01-19", 91, 2599, 3, 6, 82 );
INSERT INTO `jizda` ( cas, datum, id, naklad, ridic, vozidlo, vzdalenost ) VALUES ( 89, "2014-01-19", 92, 8307, 1, 3, 45 );
INSERT INTO `jizda` ( cas, datum, id, naklad, ridic, vozidlo, vzdalenost ) VALUES ( 105, "2014-01-19", 93, 4498, 3, 4, 53 );
INSERT INTO `jizda` ( cas, datum, id, naklad, ridic, vozidlo, vzdalenost ) VALUES ( 171, "2014-01-20", 94, 4336, 5, 4, 91 );
INSERT INTO `jizda` ( cas, datum, id, naklad, ridic, vozidlo, vzdalenost ) VALUES ( 166, "2014-01-20", 95, 3088, 4, 5, 98 );
INSERT INTO `jizda` ( cas, datum, id, naklad, ridic, vozidlo, vzdalenost ) VALUES ( 71, "2014-01-21", 96, 2493, 2, 4, 45 );
INSERT INTO `jizda` ( cas, datum, id, naklad, ridic, vozidlo, vzdalenost ) VALUES ( 81, "2014-01-21", 97, 5175, 1, 6, 52 );
INSERT INTO `jizda` ( cas, datum, id, naklad, ridic, vozidlo, vzdalenost ) VALUES ( 124, "2014-01-21", 98, 1788, 1, 5, 70 );
INSERT INTO `jizda` ( cas, datum, id, naklad, ridic, vozidlo, vzdalenost ) VALUES ( 97, "2014-01-22", 99, 11004, 4, 1, 54 );
INSERT INTO `jizda` ( cas, datum, id, naklad, ridic, vozidlo, vzdalenost ) VALUES ( 105, "2014-01-22", 100, 4315, 5, 3, 58 );
INSERT INTO `jizda` ( cas, datum, id, naklad, ridic, vozidlo, vzdalenost ) VALUES ( 168, "2014-01-22", 101, 1992, 2, 4, 96 );
INSERT INTO `jizda` ( cas, datum, id, naklad, ridic, vozidlo, vzdalenost ) VALUES ( 162, "2014-01-22", 102, 8955, 5, 1, 84 );
INSERT INTO `jizda` ( cas, datum, id, naklad, ridic, vozidlo, vzdalenost ) VALUES ( 77, "2014-01-22", 103, 4067, 1, 2, 46 );
INSERT INTO `jizda` ( cas, datum, id, naklad, ridic, vozidlo, vzdalenost ) VALUES ( 80, "2014-01-22", 104, 2064, 2, 4, 48 );
INSERT INTO `jizda` ( cas, datum, id, naklad, ridic, vozidlo, vzdalenost ) VALUES ( 70, "2014-01-23", 105, 4746, 4, 6, 45 );
INSERT INTO `jizda` ( cas, datum, id, naklad, ridic, vozidlo, vzdalenost ) VALUES ( 165, "2014-01-23", 106, 8594, 3, 1, 87 );
INSERT INTO `jizda` ( cas, datum, id, naklad, ridic, vozidlo, vzdalenost ) VALUES ( 113, "2014-01-23", 107, 2987, 5, 4, 62 );
INSERT INTO `jizda` ( cas, datum, id, naklad, ridic, vozidlo, vzdalenost ) VALUES ( 98, "2014-01-23", 108, 5022, 4, 1, 52 );
INSERT INTO `jizda` ( cas, datum, id, naklad, ridic, vozidlo, vzdalenost ) VALUES ( 93, "2014-01-24", 109, 10227, 1, 3, 61 );
INSERT INTO `jizda` ( cas, datum, id, naklad, ridic, vozidlo, vzdalenost ) VALUES ( 83, "2014-01-24", 110, 1776, 3, 4, 43 );
INSERT INTO `jizda` ( cas, datum, id, naklad, ridic, vozidlo, vzdalenost ) VALUES ( 69, "2014-01-24", 111, 4720, 4, 2, 39 );
INSERT INTO `jizda` ( cas, datum, id, naklad, ridic, vozidlo, vzdalenost ) VALUES ( 99, "2014-01-24", 112, 4036, 3, 2, 49 );
INSERT INTO `jizda` ( cas, datum, id, naklad, ridic, vozidlo, vzdalenost ) VALUES ( 86, "2014-01-24", 113, 2383, 4, 5, 56 );
INSERT INTO `jizda` ( cas, datum, id, naklad, ridic, vozidlo, vzdalenost ) VALUES ( 73, "2014-01-24", 114, 3619, 5, 4, 37 );
INSERT INTO `jizda` ( cas, datum, id, naklad, ridic, vozidlo, vzdalenost ) VALUES ( 142, "2014-01-25", 115, 8983, 3, 3, 93 );
INSERT INTO `jizda` ( cas, datum, id, naklad, ridic, vozidlo, vzdalenost ) VALUES ( 65, "2014-01-25", 116, 7161, 1, 1, 35 );
INSERT INTO `jizda` ( cas, datum, id, naklad, ridic, vozidlo, vzdalenost ) VALUES ( 102, "2014-01-25", 117, 5152, 5, 1, 53 );
INSERT INTO `jizda` ( cas, datum, id, naklad, ridic, vozidlo, vzdalenost ) VALUES ( 93, "2014-01-26", 118, 11891, 3, 1, 60 );
INSERT INTO `jizda` ( cas, datum, id, naklad, ridic, vozidlo, vzdalenost ) VALUES ( 78, "2014-01-26", 119, 1982, 2, 6, 39 );
INSERT INTO `jizda` ( cas, datum, id, naklad, ridic, vozidlo, vzdalenost ) VALUES ( 101, "2014-01-26", 120, 6667, 2, 2, 57 );
INSERT INTO `jizda` ( cas, datum, id, naklad, ridic, vozidlo, vzdalenost ) VALUES ( 110, "2014-01-27", 121, 5306, 2, 6, 66 );
INSERT INTO `jizda` ( cas, datum, id, naklad, ridic, vozidlo, vzdalenost ) VALUES ( 145, "2014-01-27", 122, 3171, 2, 4, 92 );
INSERT INTO `jizda` ( cas, datum, id, naklad, ridic, vozidlo, vzdalenost ) VALUES ( 105, "2014-01-27", 123, 9516, 2, 1, 56 );
INSERT INTO `jizda` ( cas, datum, id, naklad, ridic, vozidlo, vzdalenost ) VALUES ( 98, "2014-01-27", 124, 1890, 4, 5, 59 );
INSERT INTO `jizda` ( cas, datum, id, naklad, ridic, vozidlo, vzdalenost ) VALUES ( 107, "2014-01-27", 125, 7402, 3, 1, 54 );
INSERT INTO `jizda` ( cas, datum, id, naklad, ridic, vozidlo, vzdalenost ) VALUES ( 108, "2014-01-27", 126, 5426, 3, 6, 54 );
INSERT INTO `jizda` ( cas, datum, id, naklad, ridic, vozidlo, vzdalenost ) VALUES ( 71, "2014-01-27", 127, 3939, 1, 6, 42 );
INSERT INTO `jizda` ( cas, datum, id, naklad, ridic, vozidlo, vzdalenost ) VALUES ( 66, "2014-01-27", 128, 4544, 4, 4, 40 );
INSERT INTO `jizda` ( cas, datum, id, naklad, ridic, vozidlo, vzdalenost ) VALUES ( 124, "2014-01-28", 129, 10604, 1, 2, 67 );
INSERT INTO `jizda` ( cas, datum, id, naklad, ridic, vozidlo, vzdalenost ) VALUES ( 120, "2014-01-28", 130, 4630, 1, 4, 66 );
INSERT INTO `jizda` ( cas, datum, id, naklad, ridic, vozidlo, vzdalenost ) VALUES ( 157, "2014-01-28", 131, 5136, 5, 6, 90 );
INSERT INTO `jizda` ( cas, datum, id, naklad, ridic, vozidlo, vzdalenost ) VALUES ( 66, "2014-01-28", 132, 10225, 2, 1, 40 );
INSERT INTO `jizda` ( cas, datum, id, naklad, ridic, vozidlo, vzdalenost ) VALUES ( 111, "2014-01-28", 133, 8419, 5, 1, 60 );
INSERT INTO `jizda` ( cas, datum, id, naklad, ridic, vozidlo, vzdalenost ) VALUES ( 86, "2014-01-28", 134, 4708, 2, 6, 53 );
INSERT INTO `jizda` ( cas, datum, id, naklad, ridic, vozidlo, vzdalenost ) VALUES ( 73, "2014-01-28", 135, 3948, 2, 4, 45 );
INSERT INTO `jizda` ( cas, datum, id, naklad, ridic, vozidlo, vzdalenost ) VALUES ( 176, "2014-01-29", 136, 2010, 1, 5, 98 );
INSERT INTO `jizda` ( cas, datum, id, naklad, ridic, vozidlo, vzdalenost ) VALUES ( 94, "2014-01-29", 137, 2382, 4, 6, 60 );
INSERT INTO `jizda` ( cas, datum, id, naklad, ridic, vozidlo, vzdalenost ) VALUES ( 107, "2014-01-29", 138, 11748, 2, 3, 57 );
INSERT INTO `jizda` ( cas, datum, id, naklad, ridic, vozidlo, vzdalenost ) VALUES ( 61, "2014-01-29", 139, 5298, 4, 2, 31 );
INSERT INTO `jizda` ( cas, datum, id, naklad, ridic, vozidlo, vzdalenost ) VALUES ( 105, "2014-01-29", 140, 6331, 4, 3, 59 );
INSERT INTO `jizda` ( cas, datum, id, naklad, ridic, vozidlo, vzdalenost ) VALUES ( 87, "2014-01-29", 141, 7718, 1, 3, 49 );
INSERT INTO `jizda` ( cas, datum, id, naklad, ridic, vozidlo, vzdalenost ) VALUES ( 107, "2014-01-29", 142, 9709, 5, 2, 69 );
INSERT INTO `jizda` ( cas, datum, id, naklad, ridic, vozidlo, vzdalenost ) VALUES ( 76, "2014-01-30", 143, 3800, 2, 6, 49 );
INSERT INTO `jizda` ( cas, datum, id, naklad, ridic, vozidlo, vzdalenost ) VALUES ( 140, "2014-01-30", 144, 2512, 1, 5, 70 );
INSERT INTO `jizda` ( cas, datum, id, naklad, ridic, vozidlo, vzdalenost ) VALUES ( 61, "2014-01-30", 145, 4728, 4, 6, 37 );
INSERT INTO `jizda` ( cas, datum, id, naklad, ridic, vozidlo, vzdalenost ) VALUES ( 89, "2014-01-30", 146, 3738, 3, 4, 47 );
INSERT INTO `jizda` ( cas, datum, id, naklad, ridic, vozidlo, vzdalenost ) VALUES ( 142, "2014-01-30", 147, 2690, 3, 6, 77 );
INSERT INTO `jizda` ( cas, datum, id, naklad, ridic, vozidlo, vzdalenost ) VALUES ( 76, "2014-01-30", 148, 4176, 2, 5, 44 );
INSERT INTO `jizda` ( cas, datum, id, naklad, ridic, vozidlo, vzdalenost ) VALUES ( 87, "2014-01-30", 149, 4617, 3, 4, 48 );
INSERT INTO `jizda` ( cas, datum, id, naklad, ridic, vozidlo, vzdalenost ) VALUES ( 151, "2014-01-30", 150, 2076, 2, 4, 86 );
INSERT INTO `jizda` ( cas, datum, id, naklad, ridic, vozidlo, vzdalenost ) VALUES ( 158, "2014-01-31", 151, 13455, 4, 1, 103 );
INSERT INTO `jizda` ( cas, datum, id, naklad, ridic, vozidlo, vzdalenost ) VALUES ( 106, "2014-01-31", 152, 7319, 5, 2, 59 );
INSERT INTO `jizda` ( cas, datum, id, naklad, ridic, vozidlo, vzdalenost ) VALUES ( 121, "2014-01-31", 153, 11297, 5, 1, 79 );
INSERT INTO `jizda` ( cas, datum, id, naklad, ridic, vozidlo, vzdalenost ) VALUES ( 156, "2014-01-31", 154, 4133, 3, 3, 101 );
INSERT INTO `jizda` ( cas, datum, id, naklad, ridic, vozidlo, vzdalenost ) VALUES ( 176, "2014-01-31", 155, 3894, 1, 6, 114 );
INSERT INTO `jizda` ( cas, datum, id, naklad, ridic, vozidlo, vzdalenost ) VALUES ( 76, "2014-01-31", 156, 5845, 5, 3, 41 );
INSERT INTO `jizda` ( cas, datum, id, naklad, ridic, vozidlo, vzdalenost ) VALUES ( 63, "2014-01-31", 157, 8890, 1, 2, 33 );
INSERT INTO `jizda` ( cas, datum, id, naklad, ridic, vozidlo, vzdalenost ) VALUES ( 104, "2014-02-01", 158, 4546, 5, 4, 58 );
INSERT INTO `jizda` ( cas, datum, id, naklad, ridic, vozidlo, vzdalenost ) VALUES ( 140, "2014-02-01", 159, 7933, 4, 1, 78 );
INSERT INTO `jizda` ( cas, datum, id, naklad, ridic, vozidlo, vzdalenost ) VALUES ( 179, "2014-02-01", 160, 4445, 1, 5, 107 );
INSERT INTO `jizda` ( cas, datum, id, naklad, ridic, vozidlo, vzdalenost ) VALUES ( 143, "2014-02-02", 161, 10422, 5, 3, 85 );
INSERT INTO `jizda` ( cas, datum, id, naklad, ridic, vozidlo, vzdalenost ) VALUES ( 161, "2014-02-02", 162, 8850, 2, 3, 96 );
INSERT INTO `jizda` ( cas, datum, id, naklad, ridic, vozidlo, vzdalenost ) VALUES ( 137, "2014-02-02", 163, 2230, 1, 4, 76 );
INSERT INTO `jizda` ( cas, datum, id, naklad, ridic, vozidlo, vzdalenost ) VALUES ( 170, "2014-02-03", 164, 13535, 1, 1, 99 );
INSERT INTO `jizda` ( cas, datum, id, naklad, ridic, vozidlo, vzdalenost ) VALUES ( 104, "2014-02-03", 165, 7952, 3, 2, 53 );
INSERT INTO `jizda` ( cas, datum, id, naklad, ridic, vozidlo, vzdalenost ) VALUES ( 162, "2014-02-04", 166, 4066, 4, 5, 91 );
INSERT INTO `jizda` ( cas, datum, id, naklad, ridic, vozidlo, vzdalenost ) VALUES ( 164, "2014-02-04", 167, 10446, 4, 3, 87 );
INSERT INTO `jizda` ( cas, datum, id, naklad, ridic, vozidlo, vzdalenost ) VALUES ( 72, "2014-02-04", 168, 4666, 2, 4, 38 );
INSERT INTO `jizda` ( cas, datum, id, naklad, ridic, vozidlo, vzdalenost ) VALUES ( 137, "2014-02-04", 169, 11834, 1, 3, 75 );
INSERT INTO `jizda` ( cas, datum, id, naklad, ridic, vozidlo, vzdalenost ) VALUES ( 128, "2014-02-05", 170, 4854, 3, 5, 67 );
INSERT INTO `jizda` ( cas, datum, id, naklad, ridic, vozidlo, vzdalenost ) VALUES ( 130, "2014-02-05", 171, 4835, 4, 4, 80 );
INSERT INTO `jizda` ( cas, datum, id, naklad, ridic, vozidlo, vzdalenost ) VALUES ( 63, "2014-02-05", 172, 3296, 1, 5, 41 );
INSERT INTO `jizda` ( cas, datum, id, naklad, ridic, vozidlo, vzdalenost ) VALUES ( 82, "2014-02-05", 173, 8292, 5, 2, 50 );
INSERT INTO `jizda` ( cas, datum, id, naklad, ridic, vozidlo, vzdalenost ) VALUES ( 167, "2014-02-05", 174, 2301, 3, 6, 109 );
INSERT INTO `jizda` ( cas, datum, id, naklad, ridic, vozidlo, vzdalenost ) VALUES ( 85, "2014-02-05", 175, 1811, 5, 4, 48 );
INSERT INTO `jizda` ( cas, datum, id, naklad, ridic, vozidlo, vzdalenost ) VALUES ( 87, "2014-02-06", 176, 1801, 1, 4, 57 );
INSERT INTO `jizda` ( cas, datum, id, naklad, ridic, vozidlo, vzdalenost ) VALUES ( 172, "2014-02-06", 177, 2321, 2, 6, 86 );
INSERT INTO `jizda` ( cas, datum, id, naklad, ridic, vozidlo, vzdalenost ) VALUES ( 72, "2014-02-06", 178, 4032, 2, 4, 40 );
INSERT INTO `jizda` ( cas, datum, id, naklad, ridic, vozidlo, vzdalenost ) VALUES ( 163, "2014-02-06", 179, 3175, 3, 4, 83 );
INSERT INTO `jizda` ( cas, datum, id, naklad, ridic, vozidlo, vzdalenost ) VALUES ( 100, "2014-02-06", 180, 2696, 3, 5, 57 );
INSERT INTO `jizda` ( cas, datum, id, naklad, ridic, vozidlo, vzdalenost ) VALUES ( 67, "2014-02-06", 181, 11509, 2, 2, 35 );
INSERT INTO `jizda` ( cas, datum, id, naklad, ridic, vozidlo, vzdalenost ) VALUES ( 61, "2014-02-07", 182, 6930, 3, 3, 31 );
INSERT INTO `jizda` ( cas, datum, id, naklad, ridic, vozidlo, vzdalenost ) VALUES ( 166, "2014-02-07", 183, 4397, 1, 6, 93 );
INSERT INTO `jizda` ( cas, datum, id, naklad, ridic, vozidlo, vzdalenost ) VALUES ( 73, "2014-02-07", 184, 6528, 1, 1, 43 );
INSERT INTO `jizda` ( cas, datum, id, naklad, ridic, vozidlo, vzdalenost ) VALUES ( 69, "2014-02-07", 185, 3357, 2, 5, 39 );
INSERT INTO `jizda` ( cas, datum, id, naklad, ridic, vozidlo, vzdalenost ) VALUES ( 145, "2014-02-07", 186, 2975, 5, 5, 73 );
INSERT INTO `jizda` ( cas, datum, id, naklad, ridic, vozidlo, vzdalenost ) VALUES ( 79, "2014-02-07", 187, 1902, 3, 5, 47 );
INSERT INTO `jizda` ( cas, datum, id, naklad, ridic, vozidlo, vzdalenost ) VALUES ( 126, "2014-02-07", 188, 4793, 5, 4, 63 );
INSERT INTO `jizda` ( cas, datum, id, naklad, ridic, vozidlo, vzdalenost ) VALUES ( 122, "2014-02-07", 189, 4981, 4, 2, 69 );
INSERT INTO `jizda` ( cas, datum, id, naklad, ridic, vozidlo, vzdalenost ) VALUES ( 92, "2014-02-07", 190, 2002, 1, 4, 60 );
INSERT INTO `jizda` ( cas, datum, id, naklad, ridic, vozidlo, vzdalenost ) VALUES ( 66, "2014-02-08", 191, 5756, 2, 3, 36 );
INSERT INTO `jizda` ( cas, datum, id, naklad, ridic, vozidlo, vzdalenost ) VALUES ( 144, "2014-02-08", 192, 11472, 4, 3, 90 );
INSERT INTO `jizda` ( cas, datum, id, naklad, ridic, vozidlo, vzdalenost ) VALUES ( 117, "2014-02-09", 193, 1941, 3, 5, 59 );
INSERT INTO `jizda` ( cas, datum, id, naklad, ridic, vozidlo, vzdalenost ) VALUES ( 130, "2014-02-09", 194, 7410, 3, 3, 70 );
INSERT INTO `jizda` ( cas, datum, id, naklad, ridic, vozidlo, vzdalenost ) VALUES ( 93, "2014-02-10", 195, 8134, 3, 3, 49 );
INSERT INTO `jizda` ( cas, datum, id, naklad, ridic, vozidlo, vzdalenost ) VALUES ( 133, "2014-02-10", 196, 8606, 5, 1, 67 );
INSERT INTO `jizda` ( cas, datum, id, naklad, ridic, vozidlo, vzdalenost ) VALUES ( 73, "2014-02-10", 197, 2285, 5, 6, 45 );
INSERT INTO `jizda` ( cas, datum, id, naklad, ridic, vozidlo, vzdalenost ) VALUES ( 151, "2014-02-10", 198, 3473, 3, 5, 88 );
INSERT INTO `jizda` ( cas, datum, id, naklad, ridic, vozidlo, vzdalenost ) VALUES ( 100, "2014-02-10", 199, 6041, 4, 1, 56 );
INSERT INTO `jizda` ( cas, datum, id, naklad, ridic, vozidlo, vzdalenost ) VALUES ( 123, "2014-02-10", 200, 8582, 5, 1, 65 );
INSERT INTO `jizda` ( cas, datum, id, naklad, ridic, vozidlo, vzdalenost ) VALUES ( 109, "2014-02-11", 201, 4476, 2, 4, 60 );
INSERT INTO `jizda` ( cas, datum, id, naklad, ridic, vozidlo, vzdalenost ) VALUES ( 64, "2014-02-11", 202, 6546, 3, 3, 36 );
INSERT INTO `jizda` ( cas, datum, id, naklad, ridic, vozidlo, vzdalenost ) VALUES ( 88, "2014-02-11", 203, 8143, 5, 3, 48 );
INSERT INTO `jizda` ( cas, datum, id, naklad, ridic, vozidlo, vzdalenost ) VALUES ( 91, "2014-02-11", 204, 6689, 3, 2, 52 );
INSERT INTO `jizda` ( cas, datum, id, naklad, ridic, vozidlo, vzdalenost ) VALUES ( 119, "2014-02-11", 205, 11061, 4, 1, 72 );
INSERT INTO `jizda` ( cas, datum, id, naklad, ridic, vozidlo, vzdalenost ) VALUES ( 134, "2014-02-11", 206, 11344, 5, 3, 69 );
INSERT INTO `jizda` ( cas, datum, id, naklad, ridic, vozidlo, vzdalenost ) VALUES ( 64, "2014-02-11", 207, 3947, 2, 4, 35 );
INSERT INTO `jizda` ( cas, datum, id, naklad, ridic, vozidlo, vzdalenost ) VALUES ( 83, "2014-02-12", 208, 1882, 1, 6, 43 );
INSERT INTO `jizda` ( cas, datum, id, naklad, ridic, vozidlo, vzdalenost ) VALUES ( 96, "2014-02-12", 209, 3664, 2, 5, 49 );
INSERT INTO `jizda` ( cas, datum, id, naklad, ridic, vozidlo, vzdalenost ) VALUES ( 92, "2014-02-13", 210, 4745, 5, 5, 59 );
INSERT INTO `jizda` ( cas, datum, id, naklad, ridic, vozidlo, vzdalenost ) VALUES ( 169, "2014-02-13", 211, 2874, 2, 5, 99 );
INSERT INTO `jizda` ( cas, datum, id, naklad, ridic, vozidlo, vzdalenost ) VALUES ( 130, "2014-02-13", 212, 6583, 3, 1, 68 );
INSERT INTO `jizda` ( cas, datum, id, naklad, ridic, vozidlo, vzdalenost ) VALUES ( 72, "2014-02-13", 213, 4403, 3, 5, 41 );
INSERT INTO `jizda` ( cas, datum, id, naklad, ridic, vozidlo, vzdalenost ) VALUES ( 81, "2014-02-13", 214, 6092, 3, 3, 47 );
INSERT INTO `jizda` ( cas, datum, id, naklad, ridic, vozidlo, vzdalenost ) VALUES ( 101, "2014-02-13", 215, 13463, 4, 1, 63 );
INSERT INTO `jizda` ( cas, datum, id, naklad, ridic, vozidlo, vzdalenost ) VALUES ( 160, "2014-02-14", 216, 4146, 4, 6, 89 );
INSERT INTO `jizda` ( cas, datum, id, naklad, ridic, vozidlo, vzdalenost ) VALUES ( 111, "2014-02-14", 217, 4610, 1, 5, 61 );
INSERT INTO `jizda` ( cas, datum, id, naklad, ridic, vozidlo, vzdalenost ) VALUES ( 103, "2014-02-14", 218, 5423, 4, 1, 55 );
INSERT INTO `jizda` ( cas, datum, id, naklad, ridic, vozidlo, vzdalenost ) VALUES ( 77, "2014-02-14", 219, 2655, 1, 5, 41 );
INSERT INTO `jizda` ( cas, datum, id, naklad, ridic, vozidlo, vzdalenost ) VALUES ( 102, "2014-02-14", 220, 13480, 5, 1, 63 );
INSERT INTO `jizda` ( cas, datum, id, naklad, ridic, vozidlo, vzdalenost ) VALUES ( 141, "2014-02-15", 221, 11787, 4, 2, 82 );
INSERT INTO `jizda` ( cas, datum, id, naklad, ridic, vozidlo, vzdalenost ) VALUES ( 135, "2014-02-15", 222, 5913, 1, 3, 88 );
INSERT INTO `jizda` ( cas, datum, id, naklad, ridic, vozidlo, vzdalenost ) VALUES ( 104, "2014-02-16", 223, 2438, 4, 4, 53 );
INSERT INTO `jizda` ( cas, datum, id, naklad, ridic, vozidlo, vzdalenost ) VALUES ( 71, "2014-02-16", 224, 8623, 5, 1, 36 );
INSERT INTO `jizda` ( cas, datum, id, naklad, ridic, vozidlo, vzdalenost ) VALUES ( 77, "2014-02-16", 225, 3959, 5, 5, 42 );
INSERT INTO `jizda` ( cas, datum, id, naklad, ridic, vozidlo, vzdalenost ) VALUES ( 124, "2014-02-17", 226, 10174, 5, 2, 68 );
INSERT INTO `jizda` ( cas, datum, id, naklad, ridic, vozidlo, vzdalenost ) VALUES ( 139, "2014-02-17", 227, 2621, 4, 4, 78 );
INSERT INTO `jizda` ( cas, datum, id, naklad, ridic, vozidlo, vzdalenost ) VALUES ( 153, "2014-02-17", 228, 6491, 3, 2, 85 );
INSERT INTO `jizda` ( cas, datum, id, naklad, ridic, vozidlo, vzdalenost ) VALUES ( 111, "2014-02-18", 229, 9958, 1, 1, 61 );
INSERT INTO `jizda` ( cas, datum, id, naklad, ridic, vozidlo, vzdalenost ) VALUES ( 64, "2014-02-18", 230, 4394, 4, 2, 40 );
INSERT INTO `jizda` ( cas, datum, id, naklad, ridic, vozidlo, vzdalenost ) VALUES ( 102, "2014-02-18", 231, 3226, 4, 6, 64 );
INSERT INTO `jizda` ( cas, datum, id, naklad, ridic, vozidlo, vzdalenost ) VALUES ( 142, "2014-02-19", 232, 9385, 5, 2, 77 );
INSERT INTO `jizda` ( cas, datum, id, naklad, ridic, vozidlo, vzdalenost ) VALUES ( 146, "2014-02-19", 233, 4576, 5, 3, 78 );
INSERT INTO `jizda` ( cas, datum, id, naklad, ridic, vozidlo, vzdalenost ) VALUES ( 101, "2014-02-19", 234, 8471, 2, 3, 58 );
INSERT INTO `jizda` ( cas, datum, id, naklad, ridic, vozidlo, vzdalenost ) VALUES ( 103, "2014-02-19", 235, 9716, 2, 3, 53 );
INSERT INTO `jizda` ( cas, datum, id, naklad, ridic, vozidlo, vzdalenost ) VALUES ( 63, "2014-02-19", 236, 4314, 5, 5, 34 );
INSERT INTO `jizda` ( cas, datum, id, naklad, ridic, vozidlo, vzdalenost ) VALUES ( 78, "2014-02-20", 237, 6676, 4, 1, 47 );
INSERT INTO `jizda` ( cas, datum, id, naklad, ridic, vozidlo, vzdalenost ) VALUES ( 177, "2014-02-20", 238, 5349, 5, 6, 106 );
INSERT INTO `jizda` ( cas, datum, id, naklad, ridic, vozidlo, vzdalenost ) VALUES ( 73, "2014-02-20", 239, 9831, 2, 1, 44 );
INSERT INTO `jizda` ( cas, datum, id, naklad, ridic, vozidlo, vzdalenost ) VALUES ( 100, "2014-02-21", 240, 13476, 1, 1, 61 );
INSERT INTO `jizda` ( cas, datum, id, naklad, ridic, vozidlo, vzdalenost ) VALUES ( 63, "2014-02-21", 241, 3996, 3, 5, 34 );
INSERT INTO `jizda` ( cas, datum, id, naklad, ridic, vozidlo, vzdalenost ) VALUES ( 113, "2014-02-22", 242, 4510, 5, 5, 61 );
INSERT INTO `jizda` ( cas, datum, id, naklad, ridic, vozidlo, vzdalenost ) VALUES ( 162, "2014-02-22", 243, 3470, 3, 4, 92 );
INSERT INTO `jizda` ( cas, datum, id, naklad, ridic, vozidlo, vzdalenost ) VALUES ( 96, "2014-02-23", 244, 2518, 5, 5, 59 );
INSERT INTO `jizda` ( cas, datum, id, naklad, ridic, vozidlo, vzdalenost ) VALUES ( 121, "2014-02-23", 245, 3547, 4, 4, 74 );
INSERT INTO `jizda` ( cas, datum, id, naklad, ridic, vozidlo, vzdalenost ) VALUES ( 91, "2014-02-24", 246, 7952, 1, 1, 50 );
INSERT INTO `jizda` ( cas, datum, id, naklad, ridic, vozidlo, vzdalenost ) VALUES ( 140, "2014-02-24", 247, 5536, 4, 3, 87 );
INSERT INTO `jizda` ( cas, datum, id, naklad, ridic, vozidlo, vzdalenost ) VALUES ( 168, "2014-02-24", 248, 6026, 3, 3, 98 );
INSERT INTO `jizda` ( cas, datum, id, naklad, ridic, vozidlo, vzdalenost ) VALUES ( 169, "2014-02-25", 249, 11003, 2, 2, 109 );
INSERT INTO `jizda` ( cas, datum, id, naklad, ridic, vozidlo, vzdalenost ) VALUES ( 127, "2014-02-25", 250, 9859, 3, 2, 68 );
INSERT INTO `jizda` ( cas, datum, id, naklad, ridic, vozidlo, vzdalenost ) VALUES ( 119, "2014-02-25", 251, 12433, 4, 1, 73 );
INSERT INTO `jizda` ( cas, datum, id, naklad, ridic, vozidlo, vzdalenost ) VALUES ( 142, "2014-02-26", 252, 2702, 2, 6, 75 );
INSERT INTO `jizda` ( cas, datum, id, naklad, ridic, vozidlo, vzdalenost ) VALUES ( 82, "2014-02-26", 253, 1896, 2, 4, 45 );
INSERT INTO `jizda` ( cas, datum, id, naklad, ridic, vozidlo, vzdalenost ) VALUES ( 155, "2014-02-26", 254, 2571, 1, 6, 80 );
INSERT INTO `jizda` ( cas, datum, id, naklad, ridic, vozidlo, vzdalenost ) VALUES ( 129, "2014-02-26", 255, 4968, 1, 4, 65 );
INSERT INTO `jizda` ( cas, datum, id, naklad, ridic, vozidlo, vzdalenost ) VALUES ( 100, "2014-02-26", 256, 8738, 5, 1, 55 );
INSERT INTO `jizda` ( cas, datum, id, naklad, ridic, vozidlo, vzdalenost ) VALUES ( 88, "2014-02-26", 257, 8668, 2, 3, 48 );
INSERT INTO `jizda` ( cas, datum, id, naklad, ridic, vozidlo, vzdalenost ) VALUES ( 62, "2014-02-26", 258, 13060, 5, 1, 32 );
INSERT INTO `jizda` ( cas, datum, id, naklad, ridic, vozidlo, vzdalenost ) VALUES ( 103, "2014-02-26", 259, 11904, 4, 3, 57 );
INSERT INTO `jizda` ( cas, datum, id, naklad, ridic, vozidlo, vzdalenost ) VALUES ( 90, "2014-02-26", 260, 7406, 5, 2, 57 );
INSERT INTO `jizda` ( cas, datum, id, naklad, ridic, vozidlo, vzdalenost ) VALUES ( 109, "2014-02-27", 261, 6693, 1, 1, 61 );
INSERT INTO `jizda` ( cas, datum, id, naklad, ridic, vozidlo, vzdalenost ) VALUES ( 68, "2014-02-27", 262, 2084, 4, 4, 34 );
INSERT INTO `jizda` ( cas, datum, id, naklad, ridic, vozidlo, vzdalenost ) VALUES ( 172, "2014-02-27", 263, 3870, 1, 5, 99 );
INSERT INTO `jizda` ( cas, datum, id, naklad, ridic, vozidlo, vzdalenost ) VALUES ( 115, "2014-02-27", 264, 4279, 3, 5, 72 );
INSERT INTO `jizda` ( cas, datum, id, naklad, ridic, vozidlo, vzdalenost ) VALUES ( 72, "2014-02-27", 265, 3907, 3, 4, 44 );
INSERT INTO `jizda` ( cas, datum, id, naklad, ridic, vozidlo, vzdalenost ) VALUES ( 129, "2014-02-27", 266, 5077, 2, 1, 73 );
INSERT INTO `jizda` ( cas, datum, id, naklad, ridic, vozidlo, vzdalenost ) VALUES ( 69, "2014-02-27", 267, 13706, 2, 1, 45 );
INSERT INTO `jizda` ( cas, datum, id, naklad, ridic, vozidlo, vzdalenost ) VALUES ( 89, "2014-02-28", 268, 10307, 1, 3, 44 );
INSERT INTO `jizda` ( cas, datum, id, naklad, ridic, vozidlo, vzdalenost ) VALUES ( 178, "2014-02-28", 269, 13712, 5, 1, 116 );
INSERT INTO `jizda` ( cas, datum, id, naklad, ridic, vozidlo, vzdalenost ) VALUES ( 118, "2014-02-28", 270, 3044, 5, 4, 74 );
INSERT INTO `jizda` ( cas, datum, id, naklad, ridic, vozidlo, vzdalenost ) VALUES ( 75, "2014-02-28", 271, 4740, 1, 6, 43 );
INSERT INTO `jizda` ( cas, datum, id, naklad, ridic, vozidlo, vzdalenost ) VALUES ( 92, "2014-03-01", 272, 2570, 2, 5, 51 );
INSERT INTO `jizda` ( cas, datum, id, naklad, ridic, vozidlo, vzdalenost ) VALUES ( 171, "2014-03-01", 273, 3795, 2, 6, 95 );
INSERT INTO `jizda` ( cas, datum, id, naklad, ridic, vozidlo, vzdalenost ) VALUES ( 142, "2014-03-02", 274, 7920, 5, 3, 87 );
INSERT INTO `jizda` ( cas, datum, id, naklad, ridic, vozidlo, vzdalenost ) VALUES ( 121, "2014-03-02", 275, 3968, 1, 4, 61 );
INSERT INTO `jizda` ( cas, datum, id, naklad, ridic, vozidlo, vzdalenost ) VALUES ( 160, "2014-03-02", 276, 5901, 5, 1, 104 );
INSERT INTO `jizda` ( cas, datum, id, naklad, ridic, vozidlo, vzdalenost ) VALUES ( 156, "2014-03-03", 277, 2903, 5, 4, 100 );
INSERT INTO `jizda` ( cas, datum, id, naklad, ridic, vozidlo, vzdalenost ) VALUES ( 80, "2014-03-03", 278, 8595, 3, 3, 44 );
INSERT INTO `jizda` ( cas, datum, id, naklad, ridic, vozidlo, vzdalenost ) VALUES ( 166, "2014-03-03", 279, 3217, 3, 6, 97 );
INSERT INTO `jizda` ( cas, datum, id, naklad, ridic, vozidlo, vzdalenost ) VALUES ( 107, "2014-03-03", 280, 4154, 2, 2, 68 );
INSERT INTO `jizda` ( cas, datum, id, naklad, ridic, vozidlo, vzdalenost ) VALUES ( 70, "2014-03-03", 281, 2008, 4, 4, 36 );
INSERT INTO `jizda` ( cas, datum, id, naklad, ridic, vozidlo, vzdalenost ) VALUES ( 85, "2014-03-04", 282, 11858, 5, 1, 46 );
INSERT INTO `jizda` ( cas, datum, id, naklad, ridic, vozidlo, vzdalenost ) VALUES ( 102, "2014-03-04", 283, 2752, 2, 4, 65 );
INSERT INTO `jizda` ( cas, datum, id, naklad, ridic, vozidlo, vzdalenost ) VALUES ( 172, "2014-03-04", 284, 2269, 3, 6, 95 );
INSERT INTO `jizda` ( cas, datum, id, naklad, ridic, vozidlo, vzdalenost ) VALUES ( 173, "2014-03-04", 285, 11314, 2, 3, 101 );
INSERT INTO `jizda` ( cas, datum, id, naklad, ridic, vozidlo, vzdalenost ) VALUES ( 67, "2014-03-04", 286, 2566, 1, 4, 33 );
INSERT INTO `jizda` ( cas, datum, id, naklad, ridic, vozidlo, vzdalenost ) VALUES ( 73, "2014-03-05", 287, 10192, 5, 3, 47 );
INSERT INTO `jizda` ( cas, datum, id, naklad, ridic, vozidlo, vzdalenost ) VALUES ( 165, "2014-03-05", 288, 10270, 4, 3, 87 );
INSERT INTO `jizda` ( cas, datum, id, naklad, ridic, vozidlo, vzdalenost ) VALUES ( 71, "2014-03-05", 289, 11966, 3, 2, 35 );
INSERT INTO `jizda` ( cas, datum, id, naklad, ridic, vozidlo, vzdalenost ) VALUES ( 134, "2014-03-05", 290, 4289, 3, 4, 78 );
INSERT INTO `jizda` ( cas, datum, id, naklad, ridic, vozidlo, vzdalenost ) VALUES ( 166, "2014-03-05", 291, 4264, 2, 5, 90 );
INSERT INTO `jizda` ( cas, datum, id, naklad, ridic, vozidlo, vzdalenost ) VALUES ( 99, "2014-03-05", 292, 3155, 3, 5, 56 );
INSERT INTO `jizda` ( cas, datum, id, naklad, ridic, vozidlo, vzdalenost ) VALUES ( 77, "2014-03-05", 293, 1776, 4, 5, 42 );
INSERT INTO `jizda` ( cas, datum, id, naklad, ridic, vozidlo, vzdalenost ) VALUES ( 127, "2014-03-05", 294, 9181, 1, 2, 83 );
INSERT INTO `jizda` ( cas, datum, id, naklad, ridic, vozidlo, vzdalenost ) VALUES ( 87, "2014-03-06", 295, 6470, 1, 3, 54 );
INSERT INTO `jizda` ( cas, datum, id, naklad, ridic, vozidlo, vzdalenost ) VALUES ( 80, "2014-03-06", 296, 5616, 5, 3, 52 );
INSERT INTO `jizda` ( cas, datum, id, naklad, ridic, vozidlo, vzdalenost ) VALUES ( 85, "2014-03-06", 297, 13389, 3, 1, 47 );
INSERT INTO `jizda` ( cas, datum, id, naklad, ridic, vozidlo, vzdalenost ) VALUES ( 105, "2014-03-06", 298, 1827, 1, 5, 62 );
INSERT INTO `jizda` ( cas, datum, id, naklad, ridic, vozidlo, vzdalenost ) VALUES ( 163, "2014-03-07", 299, 2223, 1, 4, 88 );
INSERT INTO `jizda` ( cas, datum, id, naklad, ridic, vozidlo, vzdalenost ) VALUES ( 156, "2014-03-07", 300, 4842, 1, 4, 79 );
INSERT INTO `jizda` ( cas, datum, id, naklad, ridic, vozidlo, vzdalenost ) VALUES ( 112, "2014-03-07", 301, 11310, 3, 2, 71 );
INSERT INTO `jizda` ( cas, datum, id, naklad, ridic, vozidlo, vzdalenost ) VALUES ( 68, "2014-03-07", 302, 11386, 4, 2, 41 );
INSERT INTO `jizda` ( cas, datum, id, naklad, ridic, vozidlo, vzdalenost ) VALUES ( 154, "2014-03-08", 303, 9388, 3, 3, 101 );
INSERT INTO `jizda` ( cas, datum, id, naklad, ridic, vozidlo, vzdalenost ) VALUES ( 100, "2014-03-08", 304, 1744, 5, 4, 58 );
INSERT INTO `jizda` ( cas, datum, id, naklad, ridic, vozidlo, vzdalenost ) VALUES ( 60, "2014-03-08", 305, 4327, 2, 4, 33 );
INSERT INTO `jizda` ( cas, datum, id, naklad, ridic, vozidlo, vzdalenost ) VALUES ( 93, "2014-03-09", 306, 6056, 4, 1, 51 );
INSERT INTO `jizda` ( cas, datum, id, naklad, ridic, vozidlo, vzdalenost ) VALUES ( 123, "2014-03-09", 307, 9589, 5, 1, 75 );
INSERT INTO `jizda` ( cas, datum, id, naklad, ridic, vozidlo, vzdalenost ) VALUES ( 166, "2014-03-09", 308, 4622, 1, 6, 86 );
INSERT INTO `jizda` ( cas, datum, id, naklad, ridic, vozidlo, vzdalenost ) VALUES ( 157, "2014-03-10", 309, 7223, 5, 2, 96 );
INSERT INTO `jizda` ( cas, datum, id, naklad, ridic, vozidlo, vzdalenost ) VALUES ( 104, "2014-03-10", 310, 4694, 5, 6, 63 );
INSERT INTO `jizda` ( cas, datum, id, naklad, ridic, vozidlo, vzdalenost ) VALUES ( 94, "2014-03-10", 311, 6102, 3, 2, 47 );
INSERT INTO `jizda` ( cas, datum, id, naklad, ridic, vozidlo, vzdalenost ) VALUES ( 93, "2014-03-10", 312, 2611, 5, 5, 56 );
INSERT INTO `jizda` ( cas, datum, id, naklad, ridic, vozidlo, vzdalenost ) VALUES ( 139, "2014-03-10", 313, 13348, 1, 1, 70 );
INSERT INTO `jizda` ( cas, datum, id, naklad, ridic, vozidlo, vzdalenost ) VALUES ( 157, "2014-03-10", 314, 10793, 4, 1, 87 );
INSERT INTO `jizda` ( cas, datum, id, naklad, ridic, vozidlo, vzdalenost ) VALUES ( 149, "2014-03-10", 315, 2317, 4, 4, 74 );
INSERT INTO `jizda` ( cas, datum, id, naklad, ridic, vozidlo, vzdalenost ) VALUES ( 67, "2014-03-10", 316, 2424, 3, 6, 35 );
INSERT INTO `jizda` ( cas, datum, id, naklad, ridic, vozidlo, vzdalenost ) VALUES ( 172, "2014-03-10", 317, 4084, 1, 3, 110 );
INSERT INTO `jizda` ( cas, datum, id, naklad, ridic, vozidlo, vzdalenost ) VALUES ( 170, "2014-03-11", 318, 2361, 3, 5, 93 );
INSERT INTO `jizda` ( cas, datum, id, naklad, ridic, vozidlo, vzdalenost ) VALUES ( 60, "2014-03-11", 319, 5868, 5, 3, 38 );
INSERT INTO `jizda` ( cas, datum, id, naklad, ridic, vozidlo, vzdalenost ) VALUES ( 60, "2014-03-11", 320, 3359, 2, 4, 35 );
INSERT INTO `jizda` ( cas, datum, id, naklad, ridic, vozidlo, vzdalenost ) VALUES ( 100, "2014-03-11", 321, 5836, 2, 2, 57 );
INSERT INTO `jizda` ( cas, datum, id, naklad, ridic, vozidlo, vzdalenost ) VALUES ( 148, "2014-03-12", 322, 8811, 2, 3, 75 );
INSERT INTO `jizda` ( cas, datum, id, naklad, ridic, vozidlo, vzdalenost ) VALUES ( 65, "2014-03-12", 323, 5395, 1, 3, 38 );
INSERT INTO `jizda` ( cas, datum, id, naklad, ridic, vozidlo, vzdalenost ) VALUES ( 157, "2014-03-12", 324, 3994, 2, 5, 95 );
INSERT INTO `jizda` ( cas, datum, id, naklad, ridic, vozidlo, vzdalenost ) VALUES ( 78, "2014-03-12", 325, 11976, 1, 3, 42 );
INSERT INTO `jizda` ( cas, datum, id, naklad, ridic, vozidlo, vzdalenost ) VALUES ( 163, "2014-03-12", 326, 5091, 5, 6, 93 );
INSERT INTO `jizda` ( cas, datum, id, naklad, ridic, vozidlo, vzdalenost ) VALUES ( 62, "2014-03-13", 327, 5313, 3, 6, 31 );
INSERT INTO `jizda` ( cas, datum, id, naklad, ridic, vozidlo, vzdalenost ) VALUES ( 95, "2014-03-13", 328, 7887, 5, 2, 53 );
INSERT INTO `jizda` ( cas, datum, id, naklad, ridic, vozidlo, vzdalenost ) VALUES ( 68, "2014-03-13", 329, 11142, 5, 1, 39 );
INSERT INTO `jizda` ( cas, datum, id, naklad, ridic, vozidlo, vzdalenost ) VALUES ( 104, "2014-03-13", 330, 2197, 1, 4, 52 );
INSERT INTO `jizda` ( cas, datum, id, naklad, ridic, vozidlo, vzdalenost ) VALUES ( 116, "2014-03-13", 331, 2595, 1, 5, 63 );
INSERT INTO `jizda` ( cas, datum, id, naklad, ridic, vozidlo, vzdalenost ) VALUES ( 125, "2014-03-14", 332, 12179, 5, 1, 77 );
INSERT INTO `jizda` ( cas, datum, id, naklad, ridic, vozidlo, vzdalenost ) VALUES ( 108, "2014-03-14", 333, 4248, 3, 2, 57 );
INSERT INTO `jizda` ( cas, datum, id, naklad, ridic, vozidlo, vzdalenost ) VALUES ( 161, "2014-03-14", 334, 11892, 3, 1, 105 );
INSERT INTO `jizda` ( cas, datum, id, naklad, ridic, vozidlo, vzdalenost ) VALUES ( 168, "2014-03-15", 335, 2322, 1, 4, 88 );
INSERT INTO `jizda` ( cas, datum, id, naklad, ridic, vozidlo, vzdalenost ) VALUES ( 118, "2014-03-15", 336, 4114, 4, 6, 75 );
INSERT INTO `jizda` ( cas, datum, id, naklad, ridic, vozidlo, vzdalenost ) VALUES ( 62, "2014-03-15", 337, 3454, 4, 4, 37 );
INSERT INTO `jizda` ( cas, datum, id, naklad, ridic, vozidlo, vzdalenost ) VALUES ( 129, "2014-03-16", 338, 5852, 1, 1, 78 );
INSERT INTO `jizda` ( cas, datum, id, naklad, ridic, vozidlo, vzdalenost ) VALUES ( 95, "2014-03-16", 339, 2843, 1, 6, 58 );
INSERT INTO `jizda` ( cas, datum, id, naklad, ridic, vozidlo, vzdalenost ) VALUES ( 99, "2014-03-16", 340, 3403, 2, 6, 56 );
INSERT INTO `jizda` ( cas, datum, id, naklad, ridic, vozidlo, vzdalenost ) VALUES ( 152, "2014-03-17", 341, 3677, 4, 6, 85 );
INSERT INTO `jizda` ( cas, datum, id, naklad, ridic, vozidlo, vzdalenost ) VALUES ( 155, "2014-03-17", 342, 5011, 3, 6, 82 );
INSERT INTO `jizda` ( cas, datum, id, naklad, ridic, vozidlo, vzdalenost ) VALUES ( 157, "2014-03-18", 343, 13168, 1, 1, 103 );
INSERT INTO `jizda` ( cas, datum, id, naklad, ridic, vozidlo, vzdalenost ) VALUES ( 145, "2014-03-18", 344, 6800, 5, 1, 79 );
INSERT INTO `jizda` ( cas, datum, id, naklad, ridic, vozidlo, vzdalenost ) VALUES ( 167, "2014-03-18", 345, 4725, 2, 3, 94 );
INSERT INTO `jizda` ( cas, datum, id, naklad, ridic, vozidlo, vzdalenost ) VALUES ( 146, "2014-03-18", 346, 1668, 1, 4, 89 );
INSERT INTO `jizda` ( cas, datum, id, naklad, ridic, vozidlo, vzdalenost ) VALUES ( 172, "2014-03-18", 347, 5165, 2, 3, 87 );
INSERT INTO `jizda` ( cas, datum, id, naklad, ridic, vozidlo, vzdalenost ) VALUES ( 72, "2014-03-18", 348, 3988, 5, 4, 36 );
INSERT INTO `jizda` ( cas, datum, id, naklad, ridic, vozidlo, vzdalenost ) VALUES ( 85, "2014-03-19", 349, 10173, 1, 1, 43 );
INSERT INTO `jizda` ( cas, datum, id, naklad, ridic, vozidlo, vzdalenost ) VALUES ( 133, "2014-03-19", 350, 1911, 1, 4, 67 );
INSERT INTO `jizda` ( cas, datum, id, naklad, ridic, vozidlo, vzdalenost ) VALUES ( 64, "2014-03-19", 351, 7773, 5, 3, 41 );
INSERT INTO `jizda` ( cas, datum, id, naklad, ridic, vozidlo, vzdalenost ) VALUES ( 109, "2014-03-19", 352, 13851, 2, 1, 71 );
INSERT INTO `jizda` ( cas, datum, id, naklad, ridic, vozidlo, vzdalenost ) VALUES ( 137, "2014-03-19", 353, 3038, 3, 6, 74 );
INSERT INTO `jizda` ( cas, datum, id, naklad, ridic, vozidlo, vzdalenost ) VALUES ( 144, "2014-03-19", 354, 8333, 4, 3, 84 );
INSERT INTO `jizda` ( cas, datum, id, naklad, ridic, vozidlo, vzdalenost ) VALUES ( 158, "2014-03-19", 355, 4747, 3, 1, 104 );
INSERT INTO `jizda` ( cas, datum, id, naklad, ridic, vozidlo, vzdalenost ) VALUES ( 60, "2014-03-19", 356, 3643, 5, 4, 39 );
INSERT INTO `jizda` ( cas, datum, id, naklad, ridic, vozidlo, vzdalenost ) VALUES ( 76, "2014-03-20", 357, 12288, 2, 1, 47 );
INSERT INTO `jizda` ( cas, datum, id, naklad, ridic, vozidlo, vzdalenost ) VALUES ( 65, "2014-03-20", 358, 2647, 2, 5, 40 );
INSERT INTO `jizda` ( cas, datum, id, naklad, ridic, vozidlo, vzdalenost ) VALUES ( 87, "2014-03-20", 359, 5810, 2, 1, 53 );
INSERT INTO `jizda` ( cas, datum, id, naklad, ridic, vozidlo, vzdalenost ) VALUES ( 132, "2014-03-21", 360, 3836, 3, 4, 69 );
INSERT INTO `jizda` ( cas, datum, id, naklad, ridic, vozidlo, vzdalenost ) VALUES ( 116, "2014-03-21", 361, 5596, 5, 2, 64 );
INSERT INTO `jizda` ( cas, datum, id, naklad, ridic, vozidlo, vzdalenost ) VALUES ( 174, "2014-03-21", 362, 9985, 4, 2, 97 );
INSERT INTO `jizda` ( cas, datum, id, naklad, ridic, vozidlo, vzdalenost ) VALUES ( 112, "2014-03-21", 363, 2216, 3, 6, 59 );
INSERT INTO `jizda` ( cas, datum, id, naklad, ridic, vozidlo, vzdalenost ) VALUES ( 103, "2014-03-21", 364, 4909, 4, 5, 55 );
INSERT INTO `jizda` ( cas, datum, id, naklad, ridic, vozidlo, vzdalenost ) VALUES ( 93, "2014-03-21", 365, 4199, 1, 6, 51 );
INSERT INTO `jizda` ( cas, datum, id, naklad, ridic, vozidlo, vzdalenost ) VALUES ( 81, "2014-03-21", 366, 4731, 3, 6, 42 );
INSERT INTO `jizda` ( cas, datum, id, naklad, ridic, vozidlo, vzdalenost ) VALUES ( 150, "2014-03-21", 367, 3444, 5, 4, 75 );
INSERT INTO `jizda` ( cas, datum, id, naklad, ridic, vozidlo, vzdalenost ) VALUES ( 166, "2014-03-22", 368, 1676, 2, 4, 98 );
INSERT INTO `jizda` ( cas, datum, id, naklad, ridic, vozidlo, vzdalenost ) VALUES ( 110, "2014-03-22", 369, 11954, 4, 3, 57 );
INSERT INTO `jizda` ( cas, datum, id, naklad, ridic, vozidlo, vzdalenost ) VALUES ( 71, "2014-03-22", 370, 8120, 3, 2, 40 );
INSERT INTO `jizda` ( cas, datum, id, naklad, ridic, vozidlo, vzdalenost ) VALUES ( 130, "2014-03-23", 371, 9074, 3, 1, 84 );
INSERT INTO `jizda` ( cas, datum, id, naklad, ridic, vozidlo, vzdalenost ) VALUES ( 110, "2014-03-23", 372, 3783, 4, 4, 57 );
INSERT INTO `jizda` ( cas, datum, id, naklad, ridic, vozidlo, vzdalenost ) VALUES ( 71, "2014-03-23", 373, 1837, 1, 4, 37 );
INSERT INTO `jizda` ( cas, datum, id, naklad, ridic, vozidlo, vzdalenost ) VALUES ( 144, "2014-03-24", 374, 3903, 1, 6, 81 );
INSERT INTO `jizda` ( cas, datum, id, naklad, ridic, vozidlo, vzdalenost ) VALUES ( 168, "2014-03-24", 375, 11200, 5, 2, 85 );
INSERT INTO `jizda` ( cas, datum, id, naklad, ridic, vozidlo, vzdalenost ) VALUES ( 102, "2014-03-24", 376, 7921, 5, 2, 55 );
INSERT INTO `jizda` ( cas, datum, id, naklad, ridic, vozidlo, vzdalenost ) VALUES ( 165, "2014-03-25", 377, 4864, 5, 4, 109 );
INSERT INTO `jizda` ( cas, datum, id, naklad, ridic, vozidlo, vzdalenost ) VALUES ( 136, "2014-03-25", 378, 3281, 3, 6, 86 );
INSERT INTO `jizda` ( cas, datum, id, naklad, ridic, vozidlo, vzdalenost ) VALUES ( 173, "2014-03-25", 379, 3903, 5, 6, 98 );
INSERT INTO `jizda` ( cas, datum, id, naklad, ridic, vozidlo, vzdalenost ) VALUES ( 68, "2014-03-25", 380, 11862, 4, 3, 35 );
INSERT INTO `jizda` ( cas, datum, id, naklad, ridic, vozidlo, vzdalenost ) VALUES ( 112, "2014-03-25", 381, 1980, 2, 4, 63 );
INSERT INTO `jizda` ( cas, datum, id, naklad, ridic, vozidlo, vzdalenost ) VALUES ( 169, "2014-03-26", 382, 13182, 1, 1, 95 );
INSERT INTO `jizda` ( cas, datum, id, naklad, ridic, vozidlo, vzdalenost ) VALUES ( 103, "2014-03-26", 383, 4556, 5, 2, 56 );
INSERT INTO `jizda` ( cas, datum, id, naklad, ridic, vozidlo, vzdalenost ) VALUES ( 158, "2014-03-26", 384, 7686, 3, 1, 85 );
INSERT INTO `jizda` ( cas, datum, id, naklad, ridic, vozidlo, vzdalenost ) VALUES ( 139, "2014-03-26", 385, 4114, 2, 2, 84 );
INSERT INTO `jizda` ( cas, datum, id, naklad, ridic, vozidlo, vzdalenost ) VALUES ( 67, "2014-03-26", 386, 4461, 3, 2, 41 );
INSERT INTO `jizda` ( cas, datum, id, naklad, ridic, vozidlo, vzdalenost ) VALUES ( 94, "2014-03-27", 387, 9670, 5, 3, 52 );
INSERT INTO `jizda` ( cas, datum, id, naklad, ridic, vozidlo, vzdalenost ) VALUES ( 68, "2014-03-27", 388, 3485, 5, 5, 41 );
INSERT INTO `jizda` ( cas, datum, id, naklad, ridic, vozidlo, vzdalenost ) VALUES ( 147, "2014-03-27", 389, 10710, 5, 2, 89 );
INSERT INTO `jizda` ( cas, datum, id, naklad, ridic, vozidlo, vzdalenost ) VALUES ( 64, "2014-03-27", 390, 2449, 1, 5, 40 );
INSERT INTO `jizda` ( cas, datum, id, naklad, ridic, vozidlo, vzdalenost ) VALUES ( 119, "2014-03-27", 391, 3912, 4, 4, 64 );
INSERT INTO `jizda` ( cas, datum, id, naklad, ridic, vozidlo, vzdalenost ) VALUES ( 95, "2014-03-27", 392, 6546, 1, 3, 47 );
INSERT INTO `jizda` ( cas, datum, id, naklad, ridic, vozidlo, vzdalenost ) VALUES ( 174, "2014-03-27", 393, 4955, 2, 6, 114 );
INSERT INTO `jizda` ( cas, datum, id, naklad, ridic, vozidlo, vzdalenost ) VALUES ( 103, "2014-03-27", 394, 7010, 4, 2, 53 );
INSERT INTO `jizda` ( cas, datum, id, naklad, ridic, vozidlo, vzdalenost ) VALUES ( 138, "2014-03-28", 395, 2187, 5, 4, 84 );
INSERT INTO `jizda` ( cas, datum, id, naklad, ridic, vozidlo, vzdalenost ) VALUES ( 78, "2014-03-28", 396, 4115, 4, 4, 41 );
INSERT INTO `jizda` ( cas, datum, id, naklad, ridic, vozidlo, vzdalenost ) VALUES ( 136, "2014-03-28", 397, 4967, 4, 5, 73 );
INSERT INTO `jizda` ( cas, datum, id, naklad, ridic, vozidlo, vzdalenost ) VALUES ( 64, "2014-03-28", 398, 6245, 1, 2, 38 );
INSERT INTO `jizda` ( cas, datum, id, naklad, ridic, vozidlo, vzdalenost ) VALUES ( 84, "2014-03-28", 399, 1857, 2, 6, 49 );
INSERT INTO `jizda` ( cas, datum, id, naklad, ridic, vozidlo, vzdalenost ) VALUES ( 133, "2014-03-28", 400, 9618, 1, 2, 69 );
INSERT INTO `jizda` ( cas, datum, id, naklad, ridic, vozidlo, vzdalenost ) VALUES ( 75, "2014-03-28", 401, 3833, 5, 4, 40 );
INSERT INTO `jizda` ( cas, datum, id, naklad, ridic, vozidlo, vzdalenost ) VALUES ( 150, "2014-03-29", 402, 4304, 1, 6, 75 );
INSERT INTO `jizda` ( cas, datum, id, naklad, ridic, vozidlo, vzdalenost ) VALUES ( 174, "2014-03-29", 403, 6253, 3, 3, 104 );
INSERT INTO `jizda` ( cas, datum, id, naklad, ridic, vozidlo, vzdalenost ) VALUES ( 150, "2014-03-30", 404, 3032, 5, 5, 90 );
INSERT INTO `jizda` ( cas, datum, id, naklad, ridic, vozidlo, vzdalenost ) VALUES ( 66, "2014-03-30", 405, 5122, 1, 3, 43 );
INSERT INTO `jizda` ( cas, datum, id, naklad, ridic, vozidlo, vzdalenost ) VALUES ( 122, "2014-03-30", 406, 3212, 5, 5, 64 );
INSERT INTO `jizda` ( cas, datum, id, naklad, ridic, vozidlo, vzdalenost ) VALUES ( 152, "2014-03-31", 407, 4703, 2, 4, 89 );
INSERT INTO `jizda` ( cas, datum, id, naklad, ridic, vozidlo, vzdalenost ) VALUES ( 92, "2014-03-31", 408, 4930, 1, 4, 49 );
INSERT INTO `jizda` ( cas, datum, id, naklad, ridic, vozidlo, vzdalenost ) VALUES ( 77, "2014-03-31", 409, 2962, 5, 4, 50 );
INSERT INTO `jizda` ( cas, datum, id, naklad, ridic, vozidlo, vzdalenost ) VALUES ( 143, "2014-03-31", 410, 2700, 3, 6, 83 );
INSERT INTO `jizda` ( cas, datum, id, naklad, ridic, vozidlo, vzdalenost ) VALUES ( 94, "2014-03-31", 411, 3558, 1, 6, 47 );
INSERT INTO `jizda` ( cas, datum, id, naklad, ridic, vozidlo, vzdalenost ) VALUES ( 156, "2014-03-31", 412, 7958, 2, 2, 82 );
INSERT INTO `jizda` ( cas, datum, id, naklad, ridic, vozidlo, vzdalenost ) VALUES ( 100, "2014-03-31", 413, 3848, 5, 5, 61 );
